{"id":36,"date":"2014-07-15T18:07:27","date_gmt":"2014-07-15T16:07:27","guid":{"rendered":"https:\/\/blog.tsueah.de\/?page_id=36"},"modified":"2017-05-18T10:22:09","modified_gmt":"2017-05-18T08:22:09","slug":"zutaten","status":"publish","type":"page","link":"https:\/\/blog.tsueah.de\/?page_id=36","title":{"rendered":"Zutaten"},"content":{"rendered":"<!-- PMB print buttons is only displayed on a single post\/page URLs--><h1>Mehlsorten:<\/h1>\n<h2>Dinkel:<\/h2>\n<p>Type 630:<br \/>\nhelles Mehl, verwende ich f\u00fcr Kuchen &amp; Co, in denen sonst Weizenmehl verwendet wird.<\/p>\n<p>Vollkorndinkelmehl:<br \/>\netwas dunkleres Mehl, kann auch gut zum Mischen genutzt<br \/>\nwerden\u00a0\u00a0 mit dem &#8222;normalen&#8220; Dinkelmehl<\/p>\n<p>Dinkelgrie\u00df:<br \/>\nDinkelgrie\u00df kann hervorragend als Ersatz f\u00fcr Weizengrie\u00df genutzt werden.<\/p>\n<h2>Glutenfrei:<\/h2>\n<p>Maisgrie\u00df<\/p>\n<p>St\u00e4rke<\/p>\n<h2>Zum S\u00fc\u00dfen:<\/h2>\n<p>Zucker: ich verwende ausschlie\u00dflich Vollrohrzucker<\/p>\n<p>Zucker Alternativen:<\/p>\n<p>Stevia: ich ersetze bei so gut wie all meinen Rezepten ca. 50-100 g Zucker durch Stevia<\/p>\n<p>Xucker: ein toller Ersatz f\u00fcr Zucker!<\/p>\n<p>[amazon_link asins=&#8217;B0081YEG0W,B00COHV12S,B00YB0G7K2&#8242; template=&#8217;ProductCarousel&#8216; store=&#8217;not-specified&#8216; marketplace=&#8217;DE&#8216; link_id=&#8217;3ee2fd51-3656-11e7-aca3-e1c3e83f66b2&#8242;]<\/p>\n<h2>Fett:<\/h2>\n<p>Margarine<\/p>\n<p>Butter<\/p>\n<p>Oliven\u00f6l<\/p>\n","protected":false},"excerpt":{"rendered":"<p>Mehlsorten: Dinkel: Type 630: helles Mehl, verwende ich f\u00fcr Kuchen &amp; Co, in denen sonst Weizenmehl verwendet wird. Vollkorndinkelmehl: etwas dunkleres Mehl, kann auch gut zum Mischen genutzt werden\u00a0\u00a0 mit dem &#8222;normalen&#8220; Dinkelmehl Dinkelgrie\u00df: Dinkelgrie\u00df kann hervorragend als Ersatz f\u00fcr &#8230; <a class=\"more-link\" href=\"https:\/\/blog.tsueah.de\/?page_id=36\">Read More &raquo;<\/a><\/p>\n","protected":false},"author":1,"featured_media":0,"parent":0,"menu_order":0,"comment_status":"open","ping_status":"open","template":"","meta":[],"_links":{"self":[{"href":"https:\/\/blog.tsueah.de\/index.php?rest_route=\/wp\/v2\/pages\/36"}],"collection":[{"href":"https:\/\/blog.tsueah.de\/index.php?rest_route=\/wp\/v2\/pages"}],"about":[{"href":"https:\/\/blog.tsueah.de\/index.php?rest_route=\/wp\/v2\/types\/page"}],"author":[{"embeddable":true,"href":"https:\/\/blog.tsueah.de\/index.php?rest_route=\/wp\/v2\/users\/1"}],"replies":[{"embeddable":true,"href":"https:\/\/blog.tsueah.de\/index.php?rest_route=%2Fwp%2Fv2%2Fcomments&post=36"}],"version-history":[{"count":11,"href":"https:\/\/blog.tsueah.de\/index.php?rest_route=\/wp\/v2\/pages\/36\/revisions"}],"predecessor-version":[{"id":182,"href":"https:\/\/blog.tsueah.de\/index.php?rest_route=\/wp\/v2\/pages\/36\/revisions\/182"}],"wp:attachment":[{"href":"https:\/\/blog.tsueah.de\/index.php?rest_route=%2Fwp%2Fv2%2Fmedia&parent=36"}],"curies":[{"name":"wp","href":"https:\/\/api.w.org\/{rel}","templated":true}]}}